49 + 458 = 7*j. Suppose -x - 10 = x, -3*x + j = 4*f. What is the hundreds digit of f?
3
Suppose 7*u - 1235 = -5*k + 12*u, 0 = k - 5*u - 263. Let f(v) = 373*v**3 + v**2 + v - 1. Let r be f(1). Let m = r - k. What is the hundreds digit of m?
1
Let s = -100 - -96. Let q be s/(-3) - (-2)/3. Suppose -q*y + 82 = -y. What is the units digit of y?
2
Suppose -13*a + 94969 - 9377 = 0. What is the hundreds digit of a?
5
Suppose l + 53331 = 3*q, 3*l = 53*q - 50*q - 53331. What is the ten thousands digit of q?
1
Suppose 2*z - 88 = -4*q, -5*z = -3*z + 3*q - 91. Suppose 3*k - 7 - z = 0. Suppose 17*w + 44 = k*w. What is the tens digit of w?
2
Let q be 1244 - -2*(-1 + 4). Suppose 2*s - h - 2503 = 0, q = s + 15*h - 17*h. What is the thousands digit of s?
1
Suppose -21*d = -26*d - 3270. What is the units digit of (-6)/(2*6/d)?
7
Let s = -42 - -39. Let z be ((-9)/s)/(0 + (-2 - -3)). Suppose 11 + z = a. What is the tens digit of a?
1
Let q be 34/187 - (2407/(-11) - 1). What is the tens digit of (q/(-15))/((-4)/240)?
8
Let s = 5631 + 11849. What is the tens digit of s?
8
Let t be 2*428/(-48) + 2/(-12). What is the tens digit of (170/2)/((3 - 9)/t)?
5
Suppose -7*g = -9*g - 2*k - 376, 5*g + 942 = -3*k. Let v(d) = 8*d**2 - 2*d + 5. Let s be v(6). Let z = g + s. What is the units digit of z?
2
Suppose 979 = o - 288. Let d = o - 203. Suppose 0*l - 8*l = -d. What is the units digit of l?
3
What is the thousands digit of (58357026/54)/23 - (-2)/3?
6
Suppose 6*y + 4565 = -5*y. Let k = y + 768. What is the units digit of k?
3
Let p(x) = 5*x - 13. Let a(w) = -w - 1. Let c(z) = 6*a(z) + p(z). Let r be c(-19). Suppose r = -4*l + 49 - 9. What is the tens digit of l?
1
Suppose -66*c - 129 = -69*c. Let a = 48 - c. Suppose 3*t + 45 = 5*z + 371, -a = -z. What is the units digit of t?
7
Suppose -5*o + 4*o + 6876 = 2*j, 5*j + 4*o = 17196. What is the units digit of j?
6
What is the units digit of 1*(23/115 - -40259*(-4)/(-20))?
2
Let a be -2 - ((-1)/(-2))/((-2)/24). Let g = 114 + -58. Suppose -3*v + a + g = 0. What is the units digit of v?
0
Let s(v) = -115*v**3 - 3*v**2 + v + 8. What is the hundreds digit of s(-5)?
3
Let i(t) = -t**3 - 15*t**2 + 33*t - 25. Let a be i(-17). What is the hundreds digit of 33*(8 - a/24)?
2
Suppose -3*j - 3 = -3*k, -3*k + 3*j = 4*j + 1. Suppose 5*h - 3267 = 3*g, k = 2*h - h - 4*g - 650. What is the hundreds digit of h?
6
Let l be ((-52)/(-6) + -4)/((-2)/(-6)). Suppose -3*b + l - 17 = 0. Let x(t) = 23*t**2 + 2*t + 2. What is the tens digit of x(b)?
2
Let g(h) = -h**3 + 5*h**2 + 10*h - 23. Let c be g(6). What is the tens digit of (-1)/(-2)*412 - c?
0
Suppose -5*y = -2*q - 25027, 2*q + 20024 = -3*y + 7*y. What is the units digit of y?
3
Let x = -79332 + 115090. What is the hundreds digit of x?
7
Let u(c) = 3*c + 9. Let x = -57 - -55. Let b be u(x). What is the hundreds digit of -45*(b/(-21) + (-27)/7)?
1
Let o be 5/(-2)*(-3 - -1). Let i(d) = d**3 + d**2 - 3*d - 3. Let k be i(-1). Suppose -3*h = 2*h - 4*m - 477, k = -o*h - 4*m + 493. What is the tens digit of h?
9
Let i be 219/(-2)*900/54. Let j = -1037 - i. What is the tens digit of j?
8
Suppose -17131 = 10*y - 13*y + 4*w, -28595 = -5*y - 2*w. What is the tens digit of y?
1
Let z = -26599 + 41938. What is the tens digit of z?
3
Let j = 462 + -458. Suppose 3*t = -j*k - 0*k + 2643, 4*t + 4*k = 3520. What is the tens digit of t?
7
Let k(f) be the first derivative of f**3/3 + 35*f**2/2 - 21*f + 235. What is the units digit of k(-59)?
5
Let x(s) = -21*s**2 - 177*s - 40. Let t(f) = 4*f**2 + 33*f + 8. Let m(z) = 11*t(z) + 2*x(z). Suppose -r + 0 - 6 = 0. What is the tens digit of m(r)?
2
Suppose 1621098 = 167*p + 175901 - 190401. What is the hundreds digit of p?
7
What is the thousands digit of (-18)/((-648)/(-2436))*-15?
1
Suppose 33188 = o + 3*b, 882*o + 3*b = 877*o + 165928. What is the thousands digit of o?
3
What is the thousands digit of ((-464)/2)/(0 - (-4)/(-182))?
0
Let d = 22 - 22. Suppose d = -4*m + 278 + 66. Let v = m + -30. What is the units digit of v?
6
Let y(h) = 1466*h**2 + 187*h - 10. What is the hundreds digit of y(-4)?
6
Let j be (-24)/4 - -3 - 66. Let v = j - -174. Suppose 2*l - 133 = -l + 4*c, -v = -3*l - 3*c. What is the tens digit of l?
3
Let d(x) = x**2 + 50*x + 291. Let q be d(-36). What is the units digit of 10262/6 + 71/q?
0
Suppose -5*d + 2 = -3*d. Suppose -12*j + 233 = 173. What is the units digit of (j + 4/(-1))*(d + 16)?
7
Let c(s) = -4432*s + 2297. What is the tens digit of c(-8)?
5
Suppose -5*y + 0*y = -3*j - 89, -3*j + 4*y - 85 = 0. Let g = -20 - j. Suppose 3*t - 6*t = g*k - 21, -k - 2*t = -10. What is the units digit of k?
4
Let w(b) = -b**2 + 2*b + 106. Let u be w(0). Let x = u + -123. Let j(q) = -8*q + 34. What is the tens digit of j(x)?
7
Suppose 3*k - 4*h - 65 = 167, -k + 84 = -3*h. Let f be 2*(-9)/(-6) + k. Let v = 1 + f. What is the tens digit of v?
7
Let z = -31 + 34. Suppose -2*u - z*p + 5 = -u, -4*p = u - 8. What is the units digit of (-9)/12 + (-179)/u?
4
Let b = -34 + 48. Let a(n) = -n**3 + 13*n**2 + 15*n - 6. Let d be a(b). Suppose d*o - 3*o - 239 = -2*c, -225 = -5*o + 5*c. What is the units digit of o?
7
Let p be (20*347)/(8/4). Let m = p - 2353. What is the thousands digit of m?
1
Let b be 5/3*6/2. Suppose 5*a + z + 94 = 0, -5*a - b*z + 3*z - 98 = 0. What is the units digit of (-986)/(-18) + (-4)/a?
5
Let m(w) = -w**3 + 15*w**2 + 15*w - 50. Suppose 26 = 2*p + 2*z - 3*z, -5*z = 0. What is the tens digit of m(p)?
8
Suppose -620 - 6625 = -g + 2*v, -3 = v. What is the hundreds digit of g?
2
Let v = 81154 - 47252. What is the hundreds digit of v?
9
Suppose -y - 7 = -3*t, 3*t = 3*y + t. Suppose 3*l + y*l = -4*b + 3439, 0 = 2*l - 6. Suppose b = -0*w + 8*w. What is the units digit of w?
7
Suppose -4*j - z = -18623 - 5961, 0 = -4*j + 5*z + 24584. What is the thousands digit of j?
6
Let m(v) = v - 19. Let x be m(18). Let f be x/(-1 + (-92)/(-94)). Suppose 2*t - f - 59 = 0. What is the tens digit of t?
5
Let n(i) = 109*i - 7. Let g(j) = -3*j + 23*j - 6 + 2 + 34*j. Let a(s) = 7*g(s) - 3*n(s). What is the tens digit of a(2)?
9
Let s be (143/(-33) - (-5 - -1))*-156. Suppose -11421 = s*q - 61*q. What is the hundreds digit of q?
2
Let n(l) = 27*l - 5. Let a be n(-5). Let x = a + 315. Let p = x - 98. What is the tens digit of p?
7
Suppose 0 = -4*x + f + 187, -5*x + 78 = f - 149. Let l(y) = y**2 - 3*y + 15. Let p be l(7). Let b = x - p. What is the units digit of b?
3
Suppose 21 = 7*g - 4*g. What is the hundreds digit of -8 + 11 + 8113/g?
1
Suppose 3*o = 5*t + 43696, -5*o - 3*t = -6*o + 14556. What is the units digit of o?
7
Let n = 9987 - -13408. What is the units digit of n?
5
Suppose -47 = -4*b - 8*j + 5*j, -5*b = j - 56. Suppose 14*g - b*g - 4*y = 3076, -4098 = -4*g + 2*y. What is the thousands digit of g?
1
Let p = 485 - 486. What is the units digit of (2 - p)/((-20)/(-2680))?
2
Let s = -277 - -283. What is the hundreds digit of (-20 + 14)*(-639)/s?
6
What is the units digit of 64/(-20)*-1396 - -1*(-12)/10?
6
Suppose -6322708 - 3757796 = -113*f. What is the ten thousands digit of f?
8
Let i(t) be the third derivative of -t**6/120 + t**5/4 - 7*t**4/8 + t**3/6 + 2*t**2 - 6. What is the hundreds digit of i(9)?
2
What is the ten thousands digit of -39*(-703 - -2) - (-13 + 9 + 0)?
2
Suppose -4*t + t = 0, a + 2*t = -28. Let f be -22 - 1 - a/28. What is the tens digit of ((-72)/16)/(1/f)?
9
Let t(a) be the second derivative of 0 - 5*a - 5/2*a**3 - 7*a**2 - 3/2*a**4 - 1/10*a**5. What is the tens digit of t(-9)?
2
Let h(l) = -277*l + 170. Let f(t) = 1940*t - 1188. Let i(p) = -3*f(p) - 20*h(p). What is the units digit of i(-4)?
4
Let z = 16526 - 703. What is the thousands digit of z?
5
Let l(o) = 1096*o**3 + o**2 - o + 1. Let q be l(1). Suppose q = 4*v - 5*f, -5*f = -v + 4*v - 849. Let n = -115 + v. What is the hundreds digit of n?
1
Suppose -34*f + 704255 = 158555. What is the tens digit of f?
5
Suppose t - 10 = -5*g, 5*t + g - 43 - 7 = 0. Suppose -2*m - 2*l - 30 + t = 0, 4*m + 44 = -2*l. Let i(j) = -11*j + 18. What is the tens digit of i(m)?
5
Let n(q) = 2*q**3 + 13*q**2 + 9*q. Let i be n(-6). What is the tens digit of (-4)/2 + (-8280)/i?
5
What is the tens digit of ((-42075)/(-66))/(0 + (-3)/(-10))?
2
Let n be (1 + 0)/((-11)/(-44)). Suppose 4*w = -3*p + 54, 3*p + 81 = n*w + w. Wha